
Let d = 86 - 83. What is the units digit of d?
3
Let c be (3/2)/((-4)/16). Let n = 8 + c. Suppose n*u = -3 + 13. What is the units digit of u?
5
Let n(o) = 3*o**2 + 12*o - 3. What is the tens digit of n(-6)?
3
Suppose -7*a - 8 = -11*a. What is the units digit of -26*4/(-4) + a?
8
Let h(m) = -m**3 + 7*m**2 - 3*m + 7. What is the units digit of h(5)?
2
What is the units digit of 9 - ((-6 - -3) + 6)?
6
Let h = 59 - -1. What is the tens digit of h?
6
Let s(m) = -m**2 - 27*m - 24. What is the units digit of s(-24)?
8
What is the hundreds digit of (2/(-6))/((-19)/5871)?
1
Suppose 2 + 1 = 3*t. Let o = -5 + t. Let p = o + 5. What is the units digit of p?
1
Suppose 5*q - 2*f - 28 - 1 = 0, 0 = 5*q - f - 32. Suppose -15 = -q*t + 6*t. What is the units digit of t?
5
Let k = 4 - -8. Suppose w - 16 = k. What is the units digit of w?
8
Suppose 2*l = 272 + 54. What is the tens digit of l?
6
Let y(q) = q**2 + 2*q + 50. Suppose -x + 5*x = 0. What is the tens digit of y(x)?
5
Let c be (-2)/1 + (-902)/(-11). Suppose -3*y + 7*y = c. Suppose 0 = -l + 4*q + 3 - 11, -4*q = -y. What is the units digit of l?
2
Let x(u) be the second derivative of -u**5/60 + 5*u**4/12 + u**2 - 2*u. Let q(y) be the first derivative of x(y). What is the units digit of q(9)?
9
Let o(n) be the first derivative of -n**3/3 - 3*n**2/2 + n - 2. Let v be o(-5). Let i = v + 14. What is the units digit of i?
5
Let m = -132 + 245. Let w = 73 - m. What is the units digit of (-4)/(w/18 - -2)?
8
Suppose 2*a + 6 - 14 = 0. What is the units digit of a?
4
Let g(y) = 2*y - 1. Suppose -9*a = -4*a - 15. What is the units digit of g(a)?
5
Let v be ((-18)/3)/(3/(-2)). Let s be (4/16*0)/(-1). Let w = v - s. What is the units digit of w?
4
Suppose -7*g + 93 = -4*g. What is the units digit of g?
1
Suppose 3*b + b = 0. Suppose -m + 1 = -q - 9, b = -m + 2*q + 8. What is the units digit of m?
2
Let m(b) = -3*b**3 + 4*b**2 - 4*b - 16. Let s(w) = -4*w**3 + 5*w**2 - 5*w - 16. Let v(o) = -5*m(o) + 4*s(o). What is the units digit of v(0)?
6
Let o = -14 - -14. Let q = o - -2. What is the units digit of q?
2
Suppose 3*m = -2*m - 3*l + 160, 3*m + 4*l = 85. What is the units digit of m?
5
What is the units digit of 301/21 + 2/3?
5
Let k be 2/(-5) + (-116)/10. What is the units digit of 1 - (-5)/((-10)/k)?
7
Let t(x) = -x**2 - 6*x - 5. Let f be t(-4). Suppose -c = -4 + f. What is the units digit of 5 + c*(-3 - -2)?
4
Suppose -w + 10 = 28. Let s = 34 + w. Let n = -9 + s. What is the units digit of n?
7
Let t(k) = -k + 10. Let h(g) = -g + 1. Let s be h(-4). What is the units digit of t(s)?
5
What is the tens digit of (-11)/33 + (-148)/(-3)?
4
Let k be (14/(-6))/((-5)/90). Let i = -13 + k. What is the units digit of i?
9
Let r = 6 - 1. Suppose 0 = r*f - 5, -n - f = f - 23. What is the tens digit of n?
2
Let v = 4 - 40. Let p = 9 + v. Let r = p - -42. What is the units digit of r?
5
Suppose 0 = 2*o - 5*o - 27. What is the tens digit of (66/o)/((-1)/3)?
2
Let x = 0 + 3. Suppose 4*o - 4*d - 32 = 0, -o + 18 = -6*d + x*d. Suppose -2*k = o*k - 20. What is the units digit of k?
4
Suppose -7*u + 10*u - 102 = 0. What is the tens digit of u?
3
Suppose -y = -20*y + 627. What is the tens digit of y?
3
What is the tens digit of 196 + (3 + 1 - (-12)/(-3))?
9
Let v be (4 + 13)*(-2)/(-2). Let g = -25 + v. Let f = g - -15. What is the units digit of f?
7
Let h(b) = -b**3 - 9*b**2 - 8*b + 8. Let k(v) = 3*v - 4. Let f be k(3). Suppose f = -s - 3. What is the units digit of h(s)?
8
Suppose -3*t - 5*q = -6*t + 355, -4*t + 450 = 5*q. Suppose 100 = 3*j + g, 0 = -3*j - g + 3*g + t. What is the units digit of j?
5
Let p(j) = -8*j - 5. Let v be p(-7). Let m = v - 14. What is the units digit of m?
7
Suppose -3*s = -2*o, 2*s - 7*o + 3*o = 0. Suppose i + i = s. What is the units digit of i + 1 - (8 - 22)?
5
Let l be 4/6 + (-8)/3. Let x = l - 1. Let s = x + 8. What is the units digit of s?
5
Suppose -46 + 247 = 3*p. What is the tens digit of p?
6
Let z = 3 + 1. Suppose 0 = z*m + 4*v - 16, -5*v = -5*m - 3 - 7. What is the units digit of m?
1
Suppose -50 + 224 = 6*o. What is the tens digit of o?
2
Suppose 4*k = 6*k - 22. What is the units digit of k?
1
Let o(j) = 11*j**2 + 8*j + 2. What is the tens digit of o(-3)?
7
Let v = 111 - 33. What is the units digit of v?
8
Let g be (-3)/((-9)/(-15))*-1. Suppose j - g*v - 21 = -2*j, 0 = -3*v. Suppose j*z = 2*z + 30. What is the units digit of z?
6
Let y be 1/5 - (-36)/20. Suppose 25 = l + 5*d, 4*d + 43 = y*l - l. What is the tens digit of l?
3
Let x = 32 + -20. Suppose 1 + 2 = o, 4*o = -5*r + x. Suppose r = 5*z - 2 - 3. What is the units digit of z?
1
Suppose 4*w - b + 8 + 19 = 0, 5*w = -5*b - 15. Let n(p) = -p - 4. What is the units digit of n(w)?
2
Suppose 2*c - 44 = -0*c - 2*l, 0 = -4*c + 2*l + 100. Suppose -4*y - 4*b - 32 = 0, -c = 4*y - 5*b + b. Let x = y - -11. What is the units digit of x?
4
Let v(b) = 2*b + 5. Let s be v(-4). Let z(o) = -o**3 - o**2 + 2*o - 2. What is the units digit of z(s)?
0
Suppose 7 = v - 3. What is the units digit of 18/v*(-30)/(-9)?
6
Suppose 0 = -2*y + 4*w + 118, -w + 2*w + 268 = 5*y. What is the units digit of y?
3
Let g be (1/3)/((-3)/(-18)). Suppose 0 = g*j - 7 - 3. Suppose 0 = j*w - 68 + 23. What is the units digit of w?
9
Let n(z) be the first derivative of 6*z**2 + 4*z + 11. What is the tens digit of n(3)?
4
Let l(p) = 5*p**3 - 2*p**2 + 2*p + 2. Let j be l(2). Let x = 5 - 0. Suppose 2*q - 5*q - x*r = -j, -5*q + 3*r = -18. What is the units digit of q?
6
Let l(x) = 41*x**2 - 6*x + 2. What is the hundreds digit of l(2)?
1
Suppose 3*t + 4 - 10 = 0. Suppose -h + t = -7. What is the units digit of h?
9
Suppose 4*a - 332 = -3*q, 2*a + 2 + 0 = 0. What is the hundreds digit of q?
1
Let l be ((-27)/(-2))/((-6)/(-8)). What is the units digit of (20/(-6))/((-12)/l)?
5
Let g(j) = -j + 2. Let c be g(4). Let a = -16 + 15. What is the units digit of c/(6/8 + a)?
8
Suppose 2*i = -3*i - 5*q - 35, -2*q - 8 = -i. What is the tens digit of (-1)/2 + (-35)/i?
1
Let o be (-3)/((-6)/(-4)) + -3. Let h = 8 - o. What is the units digit of h?
3
Let i = 163 - 7. What is the units digit of i?
6
Let q = 2 + 4. Let d = -2 + q. Suppose -i - 24 = -d*i. What is the units digit of i?
8
Let m = 36 + -21. What is the units digit of m?
5
Let s = -9 + 16. Suppose -4*k + 19 = s. Suppose -k*c + 25 = 2*c. What is the units digit of c?
5
Let s be ((-60)/(-50))/((-1)/25). Let y = s + 47. What is the tens digit of y?
1
Suppose w = -w - 26. Let t = 7 + w. What is the units digit of ((-8)/t)/((-1)/(-6))?
8
Suppose -3*y - 1 = p - 15, -4*y - 2*p = -20. Suppose y - 7 = 3*a. What is the units digit of a + 9 + 1 + 2?
1
Suppose -c + 2*c - 65 = 0. What is the units digit of (-13)/c + (-6)/(-5)?
1
Suppose 5*r - 210 = 460. What is the tens digit of r?
3
Suppose 0 = -2*l + 5*l - 6. Suppose 0*k + l*k - 10 = 0. What is the units digit of k?
5
Suppose 5*n + 43 = 153. What is the units digit of n?
2
Let z(m) = m**3 - 3*m**2 - 3*m - 2. What is the tens digit of z(5)?
3
Suppose -3 = w - 0. Let v be (w - -27) + (1 - 0). Let c = -18 + v. What is the units digit of c?
7
Let p = -1 - -7. Suppose i + i = p. Suppose 0 = -2*o + i + 5. What is the units digit of o?
4
Suppose 13*a - 32 = 11*a. What is the units digit of a?
6
Let l(h) = 6*h + 2. Let z be l(-2). What is the units digit of (-48)/2*z/15?
6
Suppose -5 - 5 = -5*a. Suppose 3*m + a*x + 0*x - 19 = 0, -3*m + 14 = x. What is the units digit of m?
3
Let c(s) = s**2 + 2*s + 351. What is the hundreds digit of c(0)?
3
Suppose -9*v + 582 = -3*v. What is the units digit of v?
7
Let w(p) = -p + 12. Let v be w(12). Suppose v = 4*g - 37 - 3. What is the tens digit of g?
1
Let v(u) = -16*u - 42. What is the hundreds digit of v(-9)?
1
Let z = 15 - 7. Let y(v) = v**2 - 5*v - 11. What is the tens digit of y(z)?
1
Let a(y) = -13*y - 1. What is the units digit of a(-4)?
1
Suppose -2*r + 15 = -47. What is the units digit of r?
1
Let t be 8 + 1*(-3)/3. Suppose -14 = -2*k - 3*w, -2*w - t = -5*k + 4*k. What is the units digit of k?
7
What is the units digit of ((-1248)/112)/(2/(-14))?
8
Suppose -15 = -6*j + 21. What is the units digit of j?
6
Let q(i) = i**2 - 4*i + 7. Let a(j) = -j**3 - 7*j**2 - 2*j - 9. Let h be a(-7). What is the tens digit of q(h)?
1
Let u(k) = -1. Let z(j) = j. Let h(f) = -5*u(f) - z(f)